{"id":8,"date":"2013-12-06T14:41:37","date_gmt":"2013-12-06T14:41:37","guid":{"rendered":"http:\/\/mklab2.iti.gr\/emr2014\/?page_id=8"},"modified":"2014-03-21T10:17:33","modified_gmt":"2014-03-21T10:17:33","slug":"program","status":"publish","type":"page","link":"https:\/\/mklab.iti.gr\/emr2014\/program\/","title":{"rendered":"Program"},"content":{"rendered":"<p>10:00-10:10 <strong>Welcome and opening remarks<\/strong><\/p>\n<p>10:10-10:50 <strong>Oral Session I: Life spices identification and classification<\/strong><br \/>\nChair: Stefanos Vrochidis<br \/>\nPrashant Aparajeya and Frederic Fol Leymarie, <em>&#8220;Point-based Medialness for Animal and Plant Identification&#8221;<\/em><br \/>\nAlexis Joly, Henning Muller, Herve Goeau, Herve Glotin, Concetto Spampinato, Andreas Rauber, Pierre Bonnet, Willem-Pier Vellinga, Bob Fisher and Robert Planque, <em>&#8220;LifeCLEF: Multimedia Life Species Identification&#8221;<\/em><\/p>\n<p>10:50-11:20 <strong>Coffee break<\/strong><\/p>\n<p>11:20-12:20 <strong>Oral Session II:<\/strong> <b>Plant identification and classification<\/b><br \/>\nChair: Alexis Joly<br \/>\nAndrea Mattos, Ricardo Herrmann, Kelly Kiyumi Shigeno and Rogerio Feris, <em>&#8220;A Mission-Oriented Citizen Science Platform for Efficient Flower Classification Based on Combination of Feature Descriptors&#8221;<\/em><br \/>\nNaiara Aginako, Javier Lozano, Marco Quartulli, Basilio Sierra and Igor G. Olaizola, <em>&#8220;Identification of plant species on large botanical image datasets Plant identification and classification&#8221;<\/em><br \/>\nOlfa Mzoughi, Itheri Yahiaoui, Nozha Boujemaa and Ezzeddine Zagrouba, <em>&#8220;Multiple leaflets-based identification approach for compound leaf species&#8221;<\/em><\/p>\n<p>12:20-14:00 <strong>Lunch break<\/strong><\/p>\n<p>14:00-15:00 <strong>Keynote Talk<\/strong><br \/>\nAlan Smeaton, <em>&#8220;<a title=\"Remote Monitoring of our Environment: Its Really a Data Fusion Problem\" href=\"http:\/\/mklab2.iti.gr\/emr2014\/remote-monitoring-of-our-environment-its-really-a-data-fusion-problem\/\">Remote Monitoring of our Environment: Its Really a Data Fusion Problem<\/a>&#8220;<\/em><\/p>\n<p>15:00-15:40 <strong>Oral Session III: Crawling and retrieval of environmental data<\/strong><br \/>\nChair: Ari Karppinen<br \/>\nTheodora Tsikrika, Anastasia Moumtzidou, Stefanos Vrochidis and Ioannis Kompatsiaris, <em>&#8220;Focussed Crawling of Environmental Web Resources: A Pilot Study on the Combination of Multimedia Evidence&#8221;<\/em><br \/>\nJ\u00fcrgen Mo\u00dfgraber and D\u00e9sir\u00e9e Hilbring, <em>&#8220;Automating the web publishing process of environmental data by using semantic annotations&#8221;<\/em><\/p>\n<p>15:40-16:10 <strong>Coffee break<\/strong><\/p>\n<p>16:10-16:50 <b>Oral Session IV: Analysis and aggregation of geographical and environmental data<br \/>\n<\/b>Chair: Stefanos Vrochidis<br \/>\nLasse Johansson, Victor Epitropou, Kostas Karatzas, Leo Wanner, Ari Karppinen, Jaakko Kukkonen, Stefanos Vrochidis and Ioannis Kompatsiaris, <em>&#8220;The extraction and fusion of meteorological and air quality information for orchestrated services&#8221;<\/em><br \/>\nTimothee Produit, Devis Tuia, Frank De Morsier and Francois Golay, <em>&#8220;Do geographic features impact pictures location shared on the Web? Modeling photographic suitability in the Swiss Alps.&#8221;<\/em><\/p>\n<p>16:50-17:00 <strong>Closing remarks<\/strong><\/p>\n","protected":false},"excerpt":{"rendered":"<p>10:00-10:10 Welcome and opening remarks 10:10-10:50 Oral Session I: Life spices identification and classification Chair: Stefanos Vrochidis Prashant Aparajeya and Frederic Fol Leymarie, &#8220;Point-based Medialness for Animal and Plant Identification&#8221; Alexis Joly, Henning Muller, Herve Goeau, Herve Glotin, Concetto Spampinato, Andreas Rauber, Pierre Bonnet, Willem-Pier Vellinga, Bob Fisher and Robert Planque, &#8220;LifeCLEF: Multimedia Life Species [&hellip;]<\/p>\n","protected":false},"author":2,"featured_media":0,"parent":0,"menu_order":1,"comment_status":"closed","ping_status":"closed","template":"","meta":{"footnotes":""},"class_list":["post-8","page","type-page","status-publish","hentry"],"_links":{"self":[{"href":"https:\/\/mklab.iti.gr\/emr2014\/wp-json\/wp\/v2\/pages\/8","targetHints":{"allow":["GET"]}}],"collection":[{"href":"https:\/\/mklab.iti.gr\/emr2014\/wp-json\/wp\/v2\/pages"}],"about":[{"href":"https:\/\/mklab.iti.gr\/emr2014\/wp-json\/wp\/v2\/types\/page"}],"author":[{"embeddable":true,"href":"https:\/\/mklab.iti.gr\/emr2014\/wp-json\/wp\/v2\/users\/2"}],"replies":[{"embeddable":true,"href":"https:\/\/mklab.iti.gr\/emr2014\/wp-json\/wp\/v2\/comments?post=8"}],"version-history":[{"count":5,"href":"https:\/\/mklab.iti.gr\/emr2014\/wp-json\/wp\/v2\/pages\/8\/revisions"}],"predecessor-version":[{"id":125,"href":"https:\/\/mklab.iti.gr\/emr2014\/wp-json\/wp\/v2\/pages\/8\/revisions\/125"}],"wp:attachment":[{"href":"https:\/\/mklab.iti.gr\/emr2014\/wp-json\/wp\/v2\/media?parent=8"}],"curies":[{"name":"wp","href":"https:\/\/api.w.org\/{rel}","templated":true}]}}